ommon factor of 830 and 1162.
166
Calculate the greatest common divisor of 134 and 6097.
67
Calculate the highest common factor of 3509 and 1694.
121
Calculate the highest common divisor of 148 and 6364.
148
What is the highest common divisor of 30 and 142?
2
What is the greatest common factor of 108 and 54?
54
Calculate the greatest common divisor of 828 and 36.
36
Calculate the highest common divisor of 488 and 128.
8
Calculate the greatest common factor of 24 and 36.
12
Calculate the highest common factor of 6570 and 180.
90
Calculate the highest common divisor of 220 and 4.
4
What is the greatest common divisor of 108 and 21?
3
What is the highest common divisor of 91 and 2236?
13
Calculate the greatest common factor of 10 and 830.
10
What is the highest common divisor of 90 and 8040?
30
What is the greatest common divisor of 2634 and 54?
6
Calculate the highest common divisor of 20 and 1180.
20
What is the highest common factor of 85 and 901?
17
Calculate the highest common divisor of 58 and 6090.
58
Calculate the greatest common divisor of 9 and 99.
9
What is the greatest common divisor of 48 and 1608?
24
What is the highest common divisor of 69 and 4899?
69
Calculate the highest common factor of 44 and 99.
11
What is the greatest common divisor of 625 and 225?
25
What is the greatest common factor of 28 and 1071?
7
Calculate the greatest common divisor of 27 and 1269.
27
What is the highest common divisor of 10 and 30?
10
Calculate the greatest common divisor of 50 and 25.
25
What is the greatest common factor of 1870 and 110?
110
Calculate the highest common divisor of 98 and 42.
14
Calculate the highest common factor of 1098 and 36.
18
What is the highest common factor of 240 and 70?
10
What is the highest common factor of 24 and 520?
8
Calculate the highest common divisor of 1351 and 28.
7
What is the greatest common divisor of 13959 and 2673?
297
What is the greatest common divisor of 252 and 3771?
9
What is the greatest common factor of 56 and 2296?
56
Calculate the greatest common divisor of 836 and 2178.
22
Calculate the greatest common divisor of 663 and 561.
51
Calculate the greatest common divisor of 851 and 138.
23
Calculate the highest common factor of 581 and 140.
7
What is the highest common factor of 105 and 7?
7
What is the highest common factor of 395 and 158?
79
Calculate the highest common factor of 352 and 11.
11
Calculate the highest common divisor of 6130 and 10.
10
Calculate the highest common factor of 1020 and 85.
85
Calculate the greatest common divisor of 1304 and 489.
163
What is the greatest common factor of 52 and 92?
4
What is the highest common divisor of 105 and 18165?
105
Calculate the greatest common divisor of 679 and 1067.
97
Calculate the greatest common factor of 123 and 205.
41
What is the highest common factor of 12975 and 75?
75
Calculate the greatest common divisor of 36 and 153.
9
Calculate the highest common divisor of 132 and 704.
44
What is the highest common divisor of 513 and 162?
27
What is the greatest common divisor of 77 and 1078?
77
Calculate the greatest common factor of 17 and 1921.
17
Calculate the greatest common divisor of 333 and 7881.
111
Calculate the highest common factor of 13 and 247.
13
Calculate the highest common divisor of 213 and 1633.
71
Calculate the greatest common factor of 70 and 4970.
70
What is the highest common factor of 234 and 2184?
78
What is the highest common factor of 23 and 4761?
23
What is the greatest common divisor of 112 and 12992?
112
Calculate the highest common factor of 24 and 3928.
8
What is the highest common divisor of 1314 and 18?
18
What is the highest common factor of 16 and 72?
8
Calculate the highest common divisor of 10 and 14.
2
What is the highest common factor of 4343 and 202?
101
What is the highest common divisor of 64 and 2?
2
What is the highest common factor of 68 and 2924?
68
What is the greatest common divisor of 6 and 420?
6
Calculate the highest common factor of 10479 and 21.
21
What is the highest common divisor of 69 and 115?
23
Calculate the highest common divisor of 27 and 108.
27
Calculate the highest common factor of 2318 and 122.
122
Calculate the greatest common factor of 1276 and 1166.
22
What is the greatest common factor of 23 and 575?
23
Calculate the greatest common divisor of 153 and 238.
17
Calculate the highest common divisor of 14 and 16.
2
What is the greatest common divisor of 32 and 16?
16
Calculate the highest common factor of 12 and 124.
4
Calculate the highest common factor of 98 and 16.
2
Calculate the greatest common factor of 57 and 1539.
57
What is the greatest common divisor of 21912 and 44?
44
What is the highest common divisor of 189 and 270?
27
Calculate the greatest common factor of 23 and 23.
23
Calculate the highest common factor of 279 and 372.
93
What is the greatest common factor of 47 and 47?
47
What is the highest common factor of 179 and 24523?
179
Calculate the highest common divisor of 1519 and 49.
49
Calculate the highest common factor of 170 and 13770.
170
What is the highest common divisor of 164 and 4?
4
What is the greatest common divisor of 16 and 768?
16
Calculate the greatest common divisor of 20003 and 482.
241
Calculate the greatest common divisor of 49 and 22393.
49
Calculate the greatest common factor of 14 and 13314.
14
Calculate the greatest common divisor of 200 and 3930.
10
What is the greatest common factor of 88 and 22?
22
What is the highest common factor of 36 and 27?
9
Calculate the highest common factor of 105 and 25095.
105
Calculate the greatest common factor of 123 and 13.
1
What is the greatest common factor of 1225 and 196?
49
What is the greatest common divisor of 646 and 68?
34
What is the greatest common divisor of 430 and 110?
10
Calculate the highest common factor of 90 and 435.
15
What is the highest common factor of 1037 and 34?
17
Calculate the highest common factor of 96 and 456.
24
What is the greatest common divisor of 167 and 8?
1
What is the highest common divisor of 1420 and 80?
20
What is the greatest common factor of 154 and 28?
14
Calculate the highest common factor of 1003 and 136.
17
What is the greatest common divisor of 906 and 8456?
302
What is the highest common factor of 22261 and 394?
197
What is the greatest common divisor of 1147 and 31?
31
Calculate the greatest common divisor of 1 and 1645.
1
What is the highest common divisor of 8 and 216?
8
Calculate the highest common divisor of 552 and 23.
23
Calculate the greatest common divisor of 18 and 981.
9
Calculate the greatest common factor of 8320 and 3380.
260
What is the highest common factor of 10 and 7205?
5
What is the highest common factor of 1827 and 145?
29
What is the highest common divisor of 6601 and 322?
161
What is the highest common factor of 153 and 68?
17
Calculate the highest common divisor of 30 and 3126.
6
What is the greatest common factor of 117 and 3?
3
Calculate the highest common factor of 5207 and 635.
127
What is the highest common divisor of 1947 and 33?
33
What is the highest common divisor of 31070 and 52?
26
Calculate the greatest common factor of 102 and 68.
34
Calculate the highest common factor of 611 and 13.
13
Calculate the highest common factor of 845 and 15.
5
Calculate the highest common divisor of 112 and 602.
14
Calculate the greatest common factor of 111 and 192.
3
Calculate the greatest common factor of 82 and 3362.
82
What is the greatest common factor of 5870 and 10?
10
Calculate the greatest common divisor of 549 and 793.
61
Calculate the greatest common factor of 10000 and 300.
100
What is the highest common divisor of 611 and 26?
13
Calculate the highest common divisor of 21 and 2457.
21
Calculate the highest common factor of 3168 and 2464.
352
Calculate the highest common factor of 44 and 154.
22
What is the highest common divisor of 210 and 90?
30
Calculate the greatest common factor of 224 and 96.
32
What is the highest common factor of 48 and 24216?
24
What is the highest common factor of 24 and 264?
24
What is the highest common factor of 1144 and 16874?
286
What is the highest common divisor of 16416 and 1440?
288
What is the highest common factor of 183 and 854?
61
Calculate the highest common divisor of 14 and 448.
14
Cal